{"id":4,"date":"2016-05-20T11:18:49","date_gmt":"2016-05-20T09:18:49","guid":{"rendered":"https:\/\/112-info.org\/?page_id=4"},"modified":"2025-03-18T11:59:36","modified_gmt":"2025-03-18T10:59:36","slug":"ueber-mich","status":"publish","type":"page","link":"https:\/\/112-info.org\/","title":{"rendered":"\u00dcber mich"},"content":{"rendered":"\n<figure class=\"wp-block-gallery has-nested-images columns-default is-cropped wp-block-gallery-1 is-layout-flex wp-block-gallery-is-layout-flex\">\n<figure class=\"wp-block-image size-large\"><img loading=\"lazy\" decoding=\"async\" width=\"768\" height=\"1024\" data-id=\"98\" src=\"https:\/\/112-info.org\/wp-content\/uploads\/2021\/08\/IMG_7927-768x1024.jpeg\" alt=\"\" class=\"wp-image-98\" srcset=\"https:\/\/112-info.org\/wp-content\/uploads\/2021\/08\/IMG_7927-768x1024.jpeg 768w, https:\/\/112-info.org\/wp-content\/uploads\/2021\/08\/IMG_7927-225x300.jpeg 225w, https:\/\/112-info.org\/wp-content\/uploads\/2021\/08\/IMG_7927-1152x1536.jpeg 1152w, https:\/\/112-info.org\/wp-content\/uploads\/2021\/08\/IMG_7927-1536x2048.jpeg 1536w, https:\/\/112-info.org\/wp-content\/uploads\/2021\/08\/IMG_7927-scaled.jpeg 1920w\" sizes=\"auto, (max-width: 767px) 89vw, (max-width: 1000px) 54vw, (max-width: 1071px) 543px, 580px\" \/><\/figure>\n\n\n\n<figure class=\"wp-block-image size-large\"><img loading=\"lazy\" decoding=\"async\" width=\"683\" height=\"1024\" data-id=\"6\" src=\"https:\/\/112-info.org\/wp-content\/uploads\/2016\/05\/ich-683x1024.jpg\" alt=\"\" class=\"wp-image-6\" srcset=\"https:\/\/112-info.org\/wp-content\/uploads\/2016\/05\/ich-683x1024.jpg 683w, https:\/\/112-info.org\/wp-content\/uploads\/2016\/05\/ich-200x300.jpg 200w, https:\/\/112-info.org\/wp-content\/uploads\/2016\/05\/ich-768x1152.jpg 768w, https:\/\/112-info.org\/wp-content\/uploads\/2016\/05\/ich-1200x1800.jpg 1200w, https:\/\/112-info.org\/wp-content\/uploads\/2016\/05\/ich.jpg 1365w\" sizes=\"auto, (max-width: 683px) 100vw, 683px\" \/><\/figure>\n<figcaption class=\"blocks-gallery-caption wp-element-caption\">Ich aktiv im Dienst<\/figcaption><\/figure>\n\n\n<p>Wie wohl jeder kleine Junge hatte ich den Traum eines Tages Feuerwehrmann zu sein. Best\u00e4rkt durch den kleinen Grisu im Fernsehn festigte sich in mir immer mehr &#8222;Ich werde Feuerwehrmann&#8220;.<br \/>Ich weiss nicht wie oft mich meine Mutter ins G\u00fcnzburger Feuerwehrhaus zerrte, wo mir dann der damalige Ger\u00e4tewart alles zeigte. Jetzt wollte ich noch mehr Feuerwehrmann werden. Im Jahre 2001 sollte sich der Wunsch dann doch erf\u00fcllen, hier zumindest mal ansatzweise. Wir waren mit unserem Sch\u00e4ferhund damals auf dem Jettinger Hundeplatz. Eines Tages setzte sich ein \u00e4lterer Herr zu mir der seinen Funkmelder in der\u00a0 Hemdtasche hatte. Neugierig fragte ich ob er in der Feuerwehr sei, was er bejate. Ich kam mit ihm dann ins Gespr\u00e4ch und kurze Zeit sp\u00e4ter besuchte ich bei der Feuerwehr Jettingen eine \u00dcbung. Bei dieser bot ich dem damaligen Kommandanten an eine Internetseite f\u00fcr die Feuerwehr zu erstellen, dieser war zwar skeptisch da Internet f\u00fcr ihn Neuland war, aber der damalige Jugendwart erkl\u00e4rte sich spontan bereit mich zu unterst\u00fctzen, und so nahm meine Karriere ihren Lauf.<\/p>\n<p>Nach und nach fertigten wir Bilder von den Fahrzeugen und Ausr\u00fcstungsgegenst\u00e4nden, schrieben Texte und waren quasi mit Vorreiter was Internetseite anging im Landkreis G\u00fcnzburg. Nach und nach begleitete ich auch \u00dcbungen mit der Kamera, und verfasste Berichte f\u00fcr die Zeitung und unseren Internetauftritt, und es dauerte nicht lange bis ich von meinen Kameraden meinen eigenen Helm mit einem @ auf der Vorderseite.<br \/>Zur Laufbahn geh\u00f6ren auch Lehrg\u00e4nge, die ich im Rahmen meiner T\u00e4tigkeit als Feuerwehrmann, oder als Fachberater &#8222;Neue Medien&#8220; absolvierte:<\/p>\n<ul>\n<li>Truppmann<\/li>\n<li>Sprechfunker<\/li>\n<li>Messen von Luftgetragenen C-Schadstoffen<\/li>\n<li>\u00d6ffentlichkeitsarbeit an der Einsatzstelle<\/li>\n<li>Einsatzleitung im K-Fall<\/li>\n<li>Falsche Taktik Gro\u00dfe Sch\u00e4den<\/li>\n<li>Strahlrohrf\u00fchrung<\/li>\n<li>Einweisung in den Digitalfunk bei der Feuerwehr<\/li>\n<li>Brandschutzerziehung<\/li>\n<li>Truppf\u00fchrer<\/li>\n<li>Social Media<\/li>\n<\/ul>\n<p>Im Jahre 2012 kam es dann zu Spannungen zwischen der neuen Wehrf\u00fchrung und mir, so dass ich mich entschloss s\u00e4mtliche \u00c4mter in der Jettinger Feuerwehr niederzulegen.<\/p>\n<p>Meine T\u00e4tigkeit beim Kreisfeuerwehrverband G\u00fcnzburg e. V. f\u00fchrte ich nat\u00fcrlich weiter fort (bis 03\/25). Aber so ganz &#8222;wehrlos&#8220; zu sein, war nichts f\u00fcr mich und so dachte ich mir ich klopf bei meiner \u00f6rtlichen Feuerwehr an. Ich hatte zwar anfangs etwas Bedenken von wegen kleine Dorffeuerwehr, aber was dann kam zog mir die Reifen von den Felgen. Kurz nach Abgabe des Mitgliedsantrages lag schon die erste Einladung zur \u00dcbung im Briefkasten, sowie die Einladung zur Floriansmesse. \u00dcber die Jahre zeigte sich immer mehr, dass hier Kameradschaft noch richtig gelebt wird, man ist akzeptiert und wird anerkannt. Und wenn dann von dem Kameraden der ein oder andere Rolliwitz kommt, weiss man hier bist Du richtig.<\/p>","protected":false},"excerpt":{"rendered":"<p>Wie wohl jeder kleine Junge hatte ich den Traum eines Tages Feuerwehrmann zu sein. Best\u00e4rkt durch den kleinen Grisu im Fernsehn festigte sich in mir immer mehr &#8222;Ich werde Feuerwehrmann&#8220;.Ich weiss nicht wie oft mich meine Mutter ins G\u00fcnzburger Feuerwehrhaus zerrte, wo mir dann der damalige Ger\u00e4tewart alles zeigte. Jetzt wollte ich noch mehr Feuerwehrmann &hellip; <\/p>\n<p class=\"link-more\"><a href=\"https:\/\/112-info.org\/\" class=\"more-link\"><span class=\"screen-reader-text\">\u201e\u00dcber mich\u201c<\/span> weiterlesen<\/a><\/p>\n","protected":false},"author":1,"featured_media":0,"parent":0,"menu_order":0,"comment_status":"closed","ping_status":"closed","template":"","meta":{"footnotes":""},"class_list":["post-4","page","type-page","status-publish","hentry"],"_links":{"self":[{"href":"https:\/\/112-info.org\/index.php\/wp-json\/wp\/v2\/pages\/4","targetHints":{"allow":["GET"]}}],"collection":[{"href":"https:\/\/112-info.org\/index.php\/wp-json\/wp\/v2\/pages"}],"about":[{"href":"https:\/\/112-info.org\/index.php\/wp-json\/wp\/v2\/types\/page"}],"author":[{"embeddable":true,"href":"https:\/\/112-info.org\/index.php\/wp-json\/wp\/v2\/users\/1"}],"replies":[{"embeddable":true,"href":"https:\/\/112-info.org\/index.php\/wp-json\/wp\/v2\/comments?post=4"}],"version-history":[{"count":14,"href":"https:\/\/112-info.org\/index.php\/wp-json\/wp\/v2\/pages\/4\/revisions"}],"predecessor-version":[{"id":221,"href":"https:\/\/112-info.org\/index.php\/wp-json\/wp\/v2\/pages\/4\/revisions\/221"}],"wp:attachment":[{"href":"https:\/\/112-info.org\/index.php\/wp-json\/wp\/v2\/media?parent=4"}],"curies":[{"name":"wp","href":"https:\/\/api.w.org\/{rel}","templated":true}]}}